of -3 - x - 1/2*x**2. Give b(4).
-5
Let f(p) = -2*p**2 - 7*p - 3. Let y(q) = -2 + 5*q**2 + 8 + 20*q + 3 - 1. Let v(c) = -8*f(c) - 3*y(c). Determine v(5).
5
Let c(b) = -b**2 + 6*b - 2. Suppose 3*h = -6, 2*k + 0*h + 6 = -3*h. Let u = k - -5. Suppose 4*j - 12 = -u*x, -x - 6 = -2*j - 5*x. Calculate c(j).
7
Let o(u) = -u**3 - 6*u**2 - 5*u - 4. Suppose -y - 15 = y - 5*m, -4*m + 5 = -3*y. Let z = -10 + y. What is o(z)?
-4
Let k(l) = -l**3 - l**2 - l. Let q be k(-1). Let u(t) = t - 2 - 3 + 0 + q. Suppose 3*m + 3 - 12 = 0. Determine u(m).
-1
Let o = 8 + -11. Let w(s) = -7*s + 2. Let x(t) = -6*t + 2. Let l(i) = -2*w(i) + 3*x(i). Determine l(o).
14
Let s = -4 + 7. Let f(i) = i - 2*i - 3*i**2 + 4*i**2 - i**s + 2. Let y be (8/(-3) - -3)*6. What is f(y)?
-4
Let w(z) = z**3 + 3*z**2 + z. Suppose 0 = -3*k - 33 + 93. Let o be (-10)/1*k/(-8). Let h be ((-2)/(-5))/((-5)/o). Give w(h).
2
Let l(n) = n**2 + 16*n + 47. Let w be l(-12). Let g(a) = 12*a**2 + 1. Determine g(w).
13
Suppose 0 = -5*g - 44 - 46. Let z be (-2)/7 - g/14. Let o(p) = -9*p**3 + 2*p**2 - 2*p + 1. Calculate o(z).
-8
Let v(t) = 4*t - 4. Let x be v(0). Let p(i) be the first derivative of -i**4/4 - 5*i**3/3 - 2*i**2 - 2*i - 1. What is p(x)?
-2
Let k(c) = -c**3 + 6*c**2 - 3. Let o(y) = y**2 + 1. Let p(h) = -k(h) + 2*o(h). Let g = -5 + -3. Let t = 12 + g. Give p(t).
5
Let p(s) = 3*s + 0*s + 15 - 15. Suppose -5*k - 5*i = -4 + 9, 5*k + 3*i = 1. Determine p(k).
6
Let j(c) = -c**3 - 3*c**2 - c. Let i be j(-3). Let o(y) be the second derivative of -1/2*y**2 - 7/12*y**4 + 0*y**i + 0 + 3*y. What is o(-1)?
-8
Suppose 0 = 5*o + 13 - 3. Let z(a) = 4*a + 2. Calculate z(o).
-6
Let v(o) = -3*o + 0*o**3 - o**3 + o**2 + 2*o**2 + 1. Let m = 7 - 9. Let q = 5 + m. Determine v(q).
-8
Suppose 10*j + 10 = 12*j. Let f(b) = -b - 5. Let h(g) = -g - 4. Let n(o) = -3*f(o) + 4*h(o). Give n(j).
-6
Let o = 99 + -104. Let j = 7 - 3. Let c(x) = -x**2 + 3 + j - 5*x + 2*x. What is c(o)?
-3
Let n = -6 + 8. Let a(k) be the first derivative of -k**4/8 + k**3/2 + 2*k**2 - 6. Let g(u) be the second derivative of a(u). What is g(n)?
-3
Suppose 2*v - 5 = -15. Let i(b) = -7*b**3 - 8*b**2 + 13*b - 13. Let x(z) = -3*z**3 - 4*z**2 + 6*z - 6. Let j(w) = 2*i(w) - 5*x(w). Calculate j(v).
-1
Let n(f) = -f**3 - 4*f**2 + 5*f + 2. Let a be n(-5). Suppose -2*p = 4*x + 16, 0*x + 2*p = -a*x - 10. Let g(t) = -t**3 - 4*t**2 - t - 2. What is g(x)?
-8
Suppose 0*m - 7 = -3*m - 4*q, 3*m - 3*q = 21. Suppose 4*h + m*a - 1 - 1 = 0, -h - a = 0. Let j(g) = -g**3 - 4*g**2 + g. What is j(h)?
-10
Suppose 0 = -13*y - 83 + 5. Let h(x) = -x**2 - 2*x + 8. Calculate h(y).
-16
Let q(r) = -r + 5. Let j be q(5). Suppose o - 4*o + 9 = j. Let y(u) = 2*u - 3. Give y(o).
3
Let g(l) = -4*l**3 - l**2. Let w be g(1). Let o(r) = -8*r**3 - 5*r**2 - 2. Let s(h) = 7*h**3 + 5*h**2 + 2. Let t(u) = 6*o(u) + 7*s(u). Determine t(w).
2
Let z(v) be the third derivative of v**8/20160 + v**7/1008 + v**6/180 + v**5/60 + 2*v**2. Let o(c) be the third derivative of z(c). What is o(-5)?
4
Let v(a) = -9*a - 7. Let n(u) = 4*u + 3. Let h(c) = -7*n(c) - 3*v(c). Give h(6).
-6
Suppose -3*t + 2*t + 2 = 0. Let n(w) = -12*w + 6. Let k(g) = 4*g - 2. Let h(q) = 8*k(q) + 3*n(q). Calculate h(t).
-6
Let r(f) = -f + 4. Let k be (20/6)/(6/9). Let a be r(k). Let d(i) = i**2 + i + 1. What is d(a)?
1
Let q(m) = -m + 6. Suppose 0*a = 4*a + 24. Let p be (-6 - a)/(0 + -1). Give q(p).
6
Suppose 0 = -7*u - 2*u + 9. Let f(s) = -25*s - 1. Give f(u).
-26
Let x = 2 - 1. Let h(y) = y**3 + 4*y**2 - 8*y - 7. Let n be h(-5). Let p(q) = -2*q + 4*q**2 - n*q**2 + 1 + 0*q**2. Determine p(x).
-5
Let y(t) be the first derivative of -t**2 - 10*t + 8. What is y(-7)?
4
Let k(c) = c**3 + 4*c**2 - 4*c + 2. Let i(v) = 2*v**3 + 9*v**2 - 7*v + 3. Let n(j) = -3*i(j) + 5*k(j). Determine n(-7).
-6
Let w(m) = 3*m**3 + 0*m**2 - m**2 + 2*m**3. Let t = -4 - -8. Suppose -t = 4*y - 8. What is w(y)?
4
Let q(r) be the third derivative of -r**9/60480 + r**8/4032 + r**7/840 - r**6/120 + r**5/30 + 4*r**2. Let z(i) be the third derivative of q(i). Calculate z(6).
-6
Suppose 0 + 1 = 2*u + q, u - 3*q = -10. Let g = u - -6. Let h(m) = m - 6. Determine h(g).
-1
Let i(c) = -3*c + 3. Let d be 15/4 + (-3)/(-12). What is i(d)?
-9
Let b(w) = -2*w. Suppose -5*o + 33 = -2*x, -x - 4*o + 5 = -11. Calculate b(x).
8
Let g(a) be the first derivative of a**2/2 - 5*a + 16. Calculate g(0).
-5
Let c(w) = 2 - w**2 + 37*w - 3 - 44*w. Calculate c(-7).
-1
Let s(d) = d**2 - 12*d. Let g(c) = -c**2 + 11*c - 1. Let f(b) = 7*g(b) + 6*s(b). Calculate f(6).
-13
Suppose -2*k - 30 = 4*k. Let j(m) = m**2 + 4*m - 7. Calculate j(k).
-2
Let z(m) be the first derivative of -m**4/4 - 5*m**3/3 + 7*m**2/2 - 2*m - 6. Determine z(-6).
-8
Let o(b) = b + 3. Let z be o(-2). Let t be -1*z/(-1 - 0). Let j(r) = 3*r**2 - 8*r - 3. Let f(g) = -g**2 + g. Let v(s) = t*j(s) + 4*f(s). Determine v(-3).
0
Let f(c) = -c**3 - 7*c**2 + 9*c + 12. Let r = -25 - -17. Let z be f(r). Suppose 8 = -j + 5*l, -z = 3*j - 7*l + 2*l. Let v(n) = n**2 + n - 2. What is v(j)?
4
Suppose -r - 7 = -q, 2*q + 8 = -r + 19. Let a(l) = -2 - q*l + 4*l - 2*l + 5*l. Let m(x) = -x - 2. Let f be m(-5). Calculate a(f).
1
Let a(z) be the second derivative of z**5/20 - z**4/6 + z**3/6 - z**2/2 - 4*z. Let c(w) = -w**3 + 6*w**2 - 5*w + 2. Let d be c(5). Give a(d).
1
Let y be (4 - 5)*(-3)/1. Let d(w) = 6*w**2 + 9 + y*w**3 - 5*w**3 + 4*w + 3*w**3 - w. Determine d(-6).
-9
Let t(y) = 7*y - 13. Suppose -5 - 34 = -3*q. Let p(d) = -15*d + 27. Let x(v) = q*t(v) + 6*p(v). Give x(0).
-7
Let g(b) = -8*b + 9. Let u(v) = 7*v - 8. Let x(n) = -6*g(n) - 7*u(n). Let d(k) = -2*k - 8. Let s be d(-6). Calculate x(s).
-2
Let y = -7 + 4. Let g(v) = -3*v**2 + 10*v**2 + 5*v - v - v + 13. Let x(a) = 3*a**2 + 2*a + 6. Let z(l) = 2*g(l) - 5*x(l). Calculate z(y).
-1
Let x(n) = n**3 - 3*n**2 + 4*n - 2. Let c be x(2). Let s(i) = 0 - 4*i - i**2 - 3 + 2*i**c. Suppose -5*d = -5*z + 35, 4*z + z - 17 = -4*d. Calculate s(z).
2
Let j(s) = -s**3 - 6*s**2 - 4*s. Let o be ((-4)/2)/(-4 + 54/12). Calculate j(o).
-16
Suppose -2*q + 24 + 2 = 0. Let o be q/2 + (-3)/(-6). Let m(j) = 0 - 2*j**2 - 7*j - o + j**2. Determine m(-6).
-1
Let p(i) = 2*i**2 + 2*i + 4. Let o = 59 + -62. Determine p(o).
16
Let i(q) = -q + 8. Let s = -22 - -22. Calculate i(s).
8
Let r(o) = o**3 + o + 1. Let i = 2 - 3. Let q(a) = 3*a**3 - 5*a**2 + 5*a + 2. Let c be (-8)/(-6)*(-6)/(-4). Let l(m) = c*r(m) + i*q(m). Calculate l(4).
4
Let r be (0 + 0)/(9/9). Suppose r = -9*j + 4*j - 10. Let l(z) = z**3 + z**2 - z + 1. Determine l(j).
-1
Let j(l) = 3 + 5*l + l - 5*l. Let z(n) = -2*n - 7. Let u(f) = -9*j(f) - 4*z(f). What is u(-5)?
6
Suppose -5 = -5*u + 10. Let p = u + 0. Let v(g) = g**p + 3*g**2 - g - 3*g**2 + 4 + 4*g**2. Determine v(-4).
8
Suppose -5*r + 4*r = -1. Let z(q) = -r - 6 + 3*q + 2*q**3 - 3*q**2 + 4. Give z(2).
7
Let f(d) be the second derivative of d**5/20 - d**4/12 + d**3/6 - d**2 - 2*d. Calculate f(2).
4
Suppose -4 = d - 3*d. Let k(l) = -3 - l + 3*l + l**3 + 5*l**d + 0*l. What is k(-3)?
9
Suppose 2 = 2*s - 2. Let x(r) be the first derivative of -1 - 5*r + 2*r**s - 1/4*r**4 + r**3. What is x(4)?
-5
Let h(x) be the third derivative of -x**5/24 - x**4/6 + x**3/6 - 9*x**2. Let l(t) be the first derivative of h(t). What is l(-3)?
11
Suppose -2*x + 5 + 3 = 0. Let o(k) = k**3 - 4*k**2 - 2*k + 4. Calculate o(x).
-4
Let h = -4 + 8. Let s = h + -10. Let a = s + 4. Let g(l) = 2*l - 1. What is g(a)?
-5
Let c be (-2 + 1)/(0 + 1). Let b(u) = 11*u**2 + 7*u + 6. Let j(d) = 22*d**2 + 15*d + 13. Let a(h) = 13*b(h) - 6*j(h). Give a(c).
10
Let b(s) = s**2 + 8*s + 2. Let q be b(-8). Let o(z) be the second derivative of -z**5/20 + z**4/4 - z**3/2 + z**2/2 - 2*z. What is o(q)?
-1
Let c(m) = m**3 + 2*m**2 - m. Let p(x) = -x**3 - 3*x**2 + 4*x + 4. Let a be p(-4). Suppose -9 = -v - 3*g - g, 2*g - a = 0. Give c(v).
2
Let a(c) = 2*c**2 - 3*c - 4. Let l(o) = o**3 - 8*o**2 + 7*o - 4. Let r be l(7). Let u(b) = -b**2 - 6*b - 5. Let n be u(r). Give a(n).
5
Let k be 14*(-2)/4*-1. Let z(o) = -2*o - 2 + k + 4*o. What is z(-4)?
-3
Suppose 3*o - 3 = 6. Let r(n) = 3 - o - 2*n + 4 + n. Calculate r(5).
-1
Let q(r) be the third derivative of r**6/120 + r**5/12 + r**4/24 + 7*r**3/6 - 9*r**2. What is q(-5)?
2
Let n(h) = -2*h**2 - 78 + 0*h**2 + 6*h + 75. Ca